 l(r). Let y = 55 - a. What is the units digit of y?
2
Let c(f) = 176*f**2 + 15*f + 8. What is the units digit of c(-3)?
7
Let c be -5*(-5)/((-50)/(-6)). Suppose 4*n = -4*u + 32, -26 = -3*n - 2*u - c*u. What is the units digit of n?
7
Suppose 9*u - 2847 = 1527. What is the tens digit of u?
8
Let i = -3 + 6. Suppose 0 = -2*s - 4*q + 44, 1 = 3*s + 3*q - 56. Let t = s - i. What is the units digit of t?
3
Suppose 2*n + 15*n - 51 = 0. Suppose 0 = 4*m + n*f - 931, -4*m + 2*f = -5*m + 239. What is the tens digit of m?
2
Suppose 11*l - 20311 = -8*l. What is the thousands digit of l?
1
Suppose -12969 = -3*a - 3*s, 22*a + 4*s - 8650 = 20*a. What is the units digit of a?
1
Let a(f) = -244*f**3 - 2*f**2 - 16*f - 24. What is the units digit of a(-2)?
2
What is the hundreds digit of 17 - (10 - 0) - -1577?
5
What is the hundreds digit of 41*(12/(-4))/((-5)/15)?
3
Suppose -1481 = -5*l + 659. Suppose -440 = -4*t + p, 6*t - 10*t + 4*p = -l. What is the hundreds digit of t?
1
Let u = -138 + 168. What is the units digit of u?
0
Suppose -8 - 12 = -5*w. Let a be w*3/18*3. Suppose 0*p - 30 = -a*p. What is the tens digit of p?
1
What is the units digit of (-6 + (9 - 9))/(-1)?
6
Suppose 2*o = -4*o + 24. Suppose h = -2, o*j + 0*j = -3*h + 230. What is the tens digit of j?
5
Let v = -50 - -44. What is the tens digit of 4*4/v*(1 - 76)?
0
Let c(t) = t**3 - 4*t**2 - 3*t + 2. Let p be (-6)/(-15) - (-4)/(-10). Suppose p*n + n - 5 = 0. What is the units digit of c(n)?
2
Suppose -18*s + 4730 = -23116. What is the tens digit of s?
4
Suppose -k = -2*k - 436. Let d = -174 - k. What is the units digit of d?
2
Suppose 25*d + 1390 = 30*d - 5*s, 0 = 2*d - 5*s - 565. What is the hundreds digit of d?
2
Suppose 567 = -4*d - 5*d. What is the units digit of (-928)/(-14) - -6*3/d?
6
Suppose 2*u + 2116 = 2*v, 0 = 8*v - 4*v - 2*u - 4224. What is the tens digit of v?
5
Let n(o) = 108*o**2 - 17*o - 65. What is the units digit of n(-4)?
1
Let f(l) = -40*l - 15. Let c be 3/(3*3/27). Let o be f(c). What is the tens digit of (1 + 1)*o/(-10)?
7
Suppose -4*q + 3*p + 2085 = 0, -7*q + 2*q + 2614 = 4*p. What is the units digit of q?
2
Let c be (-6 + 0)*(-2)/6 + 1. Suppose -277 - 187 = -4*k + c*h, -k - h = -109. What is the hundreds digit of k?
1
Suppose -3*p + 54 + 21 = 0. Suppose 0 = 3*u - p - 17. What is the units digit of u?
4
Suppose 311 = 21*f - 130. Suppose q = -q - 28. Let p = f + q. What is the units digit of p?
7
Let q(a) = a**2 - 4*a - 4. Let k be q(4). What is the units digit of 86*(3 + k + 2)?
6
Suppose 4*u = l - 540, -5*l = 5*u - 0*u + 675. Let g = u + 255. What is the tens digit of g?
2
Let z be ((-12)/3)/(((-2)/3)/(-1)). Let v(i) = -i**3 - 2*i**2 - 6*i - 9. What is the units digit of v(z)?
1
Let p = -37 + 41. Suppose 5*s - 2*s + 4*r = 250, p*r = -5*s + 406. What is the units digit of s?
8
Let n(u) = u**2 + 6*u - 3. Let v be n(-6). Let b be (-1 + 3 + -4)*v. Suppose -b + 0 = -2*g. What is the units digit of g?
3
Suppose -3 = 3*h - 18. Suppose 0 = a - h*r + 3, 2*r = -2*a - 14 + 44. What is the tens digit of a?
1
Suppose 11*w - 2872 = 7*w. What is the units digit of w?
8
Suppose -12 = -3*i - 3*i. Suppose -i*u = -3*l + 201, -3*l + 268 = l - 3*u. What is the units digit of l?
7
What is the tens digit of ((-6)/(-5))/(108/5760)?
6
Suppose 0 = 4*n - 2*n. Suppose -4*w + 236 = -n*w. What is the units digit of w?
9
Let x be 936/153 + (-2)/17. Suppose 4*y - x*y = -z - 163, 4*y - 301 = -3*z. What is the units digit of y?
9
Let w(d) be the third derivative of d**5/60 + 7*d**3/6 + 13*d**2. What is the tens digit of w(-8)?
7
Suppose -8359 = 11*h - 24*h. What is the units digit of h?
3
Suppose -15 = -i + 9. Suppose j + i = 7*j. Suppose 3*n - 35 = -4*y + 68, 5*y - j*n - 121 = 0. What is the tens digit of y?
2
Suppose c + 3 = 2*c. Suppose 3*a - a - c*n = -3, -20 = -5*a + 2*n. Suppose -36 = -a*f + 3*f. What is the units digit of f?
2
Let j = 8 + 2. Let z(u) = -j*u - 6 + 2*u**2 + 22*u - 1. What is the tens digit of z(-9)?
4
Let x(d) = d**3 + 7*d**2 - d - 8. Let m be x(-7). Let o be 2 - (-4)/(3 + m). What is the units digit of 1/o - 341/(-44)?
8
Let f(o) = -o**3 - 2*o**2 + o - 1. Let v be f(-3). Suppose -d + v = -k + 9, -5*k + 24 = -4*d. Suppose k = n + n. What is the units digit of n?
4
Let b(j) = -j**3 - 7*j**2 - 6*j. Let p be b(-6). Let q(l) = -3*l - 1. Let i be q(-9). Suppose p*v - i = -v. What is the units digit of v?
6
Let n = 121 - 67. Let x = 16 + n. What is the units digit of x?
0
Let q be 44/10 + (-32)/80. Suppose -2*k - 5*n = -q*k + 99, -5*k - 4*n + 198 = 0. What is the tens digit of k?
4
Let r = -80 - -149. Let o = 128 + -143. Let m = r + o. What is the units digit of m?
4
Suppose 5*u - 4089 = -m, -5*m + 3*u - 1153 = -21654. What is the tens digit of m?
9
Let x be (-2)/(-9) - 301/(-63). Suppose 0 = -o + 5, 3*z + 31 = 7*z - x*o. What is the tens digit of z?
1
Let j = -1623 - -3154. What is the thousands digit of j?
1
Suppose y = h, y = 6*y + 3*h - 32. Let m(l) = 24*l - 17. What is the tens digit of m(y)?
7
Let t(w) = w**3 - 18*w**2 + 15*w + 27. What is the hundreds digit of t(19)?
6
Let s = 1279 - 706. What is the hundreds digit of s?
5
Let d = 2524 + -575. What is the thousands digit of d?
1
Suppose 582 = f + k, 5*f + 2*k - 2788 - 113 = 0. What is the tens digit of f?
7
Let y(j) = -15*j + 8*j + 1 - j**2 - 3*j**3 + 7*j. What is the units digit of y(-2)?
1
Let v be (-2)/(1/1)*(8 + -123). Let s = -39 + v. What is the hundreds digit of s?
1
Let q be (-1)/((-2)/(-4)) + 78. Suppose -4*s + q = -0*s. Suppose 3*l + s - 85 = 0. What is the units digit of l?
2
Suppose -4*f + 10 = -2*f. Suppose 0 = f*v - o - 265, 3*v - 3*o - 176 = o. What is the units digit of v?
2
Let s = -21 + 22. Let o be s + (-4)/(-6)*3. Suppose -5*u - q = -309, 5*u + o*q = -33 + 340. What is the tens digit of u?
6
Let f be -4 + 2 + -2 - 2. Let m be (18 + -24)*134/f. Suppose 34 = 4*w - m. What is the units digit of w?
2
Let y(k) = k + 2. Let q be y(2). Suppose 3*w + 3 = 4*a, 0 = 2*w - q*a + 6*a - 12. What is the tens digit of ((-40)/24)/(w/(-54))?
3
Suppose 2*r = -3*r - 215. Let q be ((-102)/(-8))/((-15)/80). Let b = r - q. What is the tens digit of b?
2
Suppose 4*u = 3*u. Let w(p) = 2*p + 1. What is the units digit of w(u)?
1
Let o(m) = -m**2 + m + 139. Let t be o(0). Suppose -23 - t = -2*l. What is the tens digit of l?
8
Let m(n) = 5*n**2 + n + 1. Let b(g) = -54*g**2 - 21*g - 5. Let q(r) = -2*b(r) - 22*m(r). Suppose 0*d - 3*d + 24 = 0. What is the tens digit of q(d)?
2
Suppose 4*p + 11 = c + 2*p, -5*c + 19 = 2*p. Let g be c/(-2)*(-86)/5. Suppose 2*y + 5*b - 3*b - 26 = 0, 4*y - g = 5*b. What is the units digit of y?
2
Let f(o) be the first derivative of 6*o**2 - o + 6. What is the tens digit of f(7)?
8
Suppose 4*z + 4*f = 2595 + 1753, -5*f - 4393 = -4*z. What is the units digit of z?
2
Let q(w) = 9*w**2 + 31*w - 25. What is the units digit of q(-8)?
3
Suppose -43*j + 53*j - 8830 = 0. What is the units digit of j?
3
Let a be -3 - 1*156 - 2/2. Let p = 48 - a. What is the hundreds digit of p?
2
Suppose -17 = -g - 16*g. Let b be 4/(-10) - 3/5. What is the tens digit of (0 + g)*b*-31?
3
Suppose 29*o = 27*o + 16. Suppose -2 + o = 2*q + z, 0 = -q - 5*z + 12. Suppose 0 = -6*n + q*n + 236. What is the tens digit of n?
5
What is the tens digit of (13/((-585)/(-6534)))/(4/30)?
8
Let x(n) = 15*n**3 + 7*n**2 - 19*n + 13. What is the hundreds digit of x(4)?
0
Let m be (2 + (-76)/10)/(12/240). What is the units digit of (15 + m)/(1 + -2)?
7
Suppose 0*m - 76 = 2*m. Let o = m - -110. What is the units digit of o?
2
Let h = 69 + -69. Suppose h = -11*t + 681 + 518. What is the hundreds digit of t?
1
Let z(v) = 4*v + 18. Let c be z(8). Let b = c - 49. What is the units digit of b?
1
Suppose -4*z + 46 = -342. Suppose z = 5*i - 2*i - 2*a, 0 = -5*i - 4*a + 147. What is the units digit of i?
1
Let u be -4*3/(-4) + 3. Let t(p) = p**2 - 2*p - 6. What is the tens digit of t(u)?
1
Suppose 0 = 20*d - 27298 - 14002. What is the units digit of d?
5
Suppose -8*p = -3*p - 10. What is the tens digit of ((-1)/p)/((-17)/1360)?
4
Let h be 3/5 + 5920/50. Let g = -111 + h. What is the units digit of g?
8
Let t be (27 + -3)*2/3. Suppose -2*g = -t - 0. What is the units digit of g/(-14) - 18/(-7)?
2
Suppose 15779 + 38989 = 24*t. What is the thousands digit of t?
2
Suppose 0